-21*b - 852 = -1776. What is the remainder when q is divided by b?
42
Suppose 3*c = -h + 79, c + 5*h - 2 = 1. Suppose 2*q - 25 = -4*n + 3*n, 5*q - 40 = -n. What is the remainder when c is divided by n?
13
Suppose 9 = -11*c + 372. Calculate the remainder when 64 is divided by c.
31
Let z(b) = 2*b - 19. Let n be z(12). Let v(r) = -5 + n - 2 + 6*r. Calculate the remainder when 76 is divided by v(3).
12
Suppose 108 = 2*x + f - 183, 0 = 3*x + f - 434. Calculate the remainder when x is divided by 50.
43
Suppose 3*h - 5*d = -31, 0 = 5*h - 5*d + 21 + 14. Let b = h - -85. Suppose 3*v = -4*y + b, -4*v - y = 2*y - 113. What is the remainder when 113 is divided by v?
26
Let w = 24 - 21. Suppose -21 = -2*l + l + u, 0 = w*u. What is the remainder when 188 is divided by l?
20
Let l(m) be the first derivative of m**4/4 - 13*m**3/3 + 6*m**2 + 12*m + 7. What is the remainder when 45 is divided by l(12)?
9
Let c(p) = p**2 - 13*p + 16. Let n(d) = -4*d**2 + 39*d - 48. Let o(g) = 7*c(g) + 2*n(g). Calculate the remainder when o(-12) is divided by 10.
8
Let q = -607 - -613. Calculate the remainder when 116 is divided by q.
2
What is the remainder when 24 is divided by (4 - 3) + 1 - -13?
9
Let w be (-8)/(-24) + 46/6. Suppose -w*g + 4*g = -44. What is the remainder when 4/(-1)*82/(-8) is divided by g?
8
Suppose -3*g + 43*k + 716 = 39*k, -4*g + 965 = 5*k. Calculate the remainder when g is divided by 22.
20
Let d = 197 + -95. Let g = d + -71. Calculate the remainder when g is divided by 7.
3
Suppose 5*a = 2*d + a - 14, 6 = -3*a. Suppose -69 = -d*b + s - 5*s, 3*s = 3*b - 69. What is the remainder when (-1)/((-3)/(-44))*-3 is divided by b?
21
Let v(t) = 13*t. Let r be v(1). Let n = 0 + r. What is the remainder when n is divided by (5 + 1)*9/18?
1
Let c = 71 - 20. Calculate the remainder when c is divided by 475/(-25) + (35 - 1).
6
What is the remainder when 55 is divided by (1/(-8))/((-25)/(-100))*-38?
17
Let a(t) = -4*t + 36. Calculate the remainder when a(-24) is divided by 67.
65
Let a = -26 - -16. Let z = 4 - a. Calculate the remainder when z is divided by 2/7 + 330/70.
4
Suppose 0*l - 117 = -13*l. Suppose 13*o = l*o + 28. Calculate the remainder when 20 is divided by o.
6
Let c = 26 + -14. Let o(t) = -t**2 - t - 1. Let z(g) = -g**3 - 4*g**2 + 9*g + 9. Let k(s) = -2*o(s) - z(s). What is the remainder when k(-6) is divided by c?
11
Let m be (-6)/(-2) - (-1 + -3). Suppose -l + 25 = m. Calculate the remainder when l is divided by 7.
4
Suppose 4*z + 5*b = 356, -5*z - 26 = 3*b - 471. Calculate the remainder when z is divided by 13.
11
Suppose 10*y - 158 - 212 = 0. What is the remainder when y is divided by 20?
17
Let y(j) = j**3 + 5*j**2 - 7*j - 10. Let n be y(-6). Let v be -1*2/n*62. Let g = 37 - v. What is the remainder when 16 is divided by g?
4
Let f = -27 + 29. Suppose 5*h - 49 = 31. What is the remainder when f*(-3)/(-18) - 280/(-6) is divided by h?
15
Let z be 255/7 - (-6)/(-14). Suppose 8*y - 44 = z. Calculate the remainder when 37 is divided by y.
7
Suppose 2*j = 2*a - 6, 0 = 2*a + a + 3*j - 9. Let u be -1 + -1 + 100 - a. Suppose 6*z = z + u. Calculate the remainder when z is divided by 10.
9
Let v(u) = -u**3 + 29*u**2 + 31*u - 3. Let d = 6 + 24. Calculate the remainder when 240 is divided by v(d).
24
Let u = 34 + -16. Let w(c) = c**2 + 3*c - 3. Let j be w(-4). What is the remainder when (-4 + j)/(-6)*(2 + 140) is divided by u?
17
Suppose -8 = -9*v + 28. Calculate the remainder when 24 is divided by 8 - (-2 + v + 1).
4
Suppose -121*n + 110*n + 2959 = 0. Calculate the remainder when n is divided by 54.
53
Let b = -206 - -210. Suppose -7 + 37 = 4*o - i, 3*o + 4*i - 32 = 0. Let l = b + o. Calculate the remainder when 33 is divided by l.
9
Suppose -3*x + 168 = 4*x. Let y(s) = s**3 - 23*s**2 - 23*s - 10. Suppose 0 = -4*l + 40 + 120. What is the remainder when l is divided by y(x)?
12
Let p = -106 + 121. Calculate the remainder when 28 is divided by p.
13
Suppose -6*z + 580 = -68. Calculate the remainder when z is divided by 57.
51
Let c = -647 + 1029. Let g = -105 + c. What is the remainder when g is divided by 28?
25
Suppose -s + 3 = 0, -n = 2*s + 3 - 18. What is the remainder when 464 is divided by n?
5
Suppose 5*z = -8*d + 927, -4*d - 16*z = -11*z - 451. Calculate the remainder when 2615 is divided by d.
116
Suppose 2*r - 4*g + 48 = 0, 5*r + 0*r = -5*g - 105. Let z = -10 - r. Calculate the remainder when z is divided by (-4)/5 + 195/25.
5
Suppose -26*p + 3840 = 54*p. What is the remainder when 179 is divided by p?
35
Suppose 15*i = i + 406. What is the remainder when 99 is divided by i?
12
Suppose 0 = 5*m - 235. Suppose -2*h - 125 = 5*q + 3*h, -3*q + 2*h - 100 = 0. Let b = q + m. Calculate the remainder when 32 is divided by b.
15
Suppose -5*v - 5*h = 5, v + 13 = 4*h - 2*h. Let f = v - -14. Calculate the remainder when 23 is divided by f.
5
Let w = 1087 + -1050. Let q(z) = 3*z**2 + 3*z + 2. Calculate the remainder when w is divided by q(-2).
5
Suppose -z = 4 - 0. What is the remainder when 49 is divided by z + 1 + 10 + 19?
23
Let c be (-15)/1*(-4)/(-6). Calculate the remainder when 62 is divided by (-1 - (-2 + c/4))*2.
6
Let u(t) = t**2 - t + 4. Let b be u(0). What is the remainder when 42*1*((-12)/(-9))/b is divided by 10 - (2 + (-2 - -2))?
6
Let a(x) = 2*x**2 - x - 25. Let m be a(-5). Suppose 28*r + 198 = m*r. What is the remainder when r is divided by 34?
31
Suppose -2*u + 145 = 5*n, -4*n + 5*u + 67 = -49. What is the remainder when n is divided by 16?
13
Let i be 65/13*(0 + 1). Suppose 2*w - w + 68 = q, i*q = -4*w + 376. What is the remainder when q is divided by 19?
15
Suppose x - 17 = z, 4*x + 2*z - 33 = 11. Let n = 61 - 40. Calculate the remainder when n is divided by x.
8
Let f = 7 - -82. What is the remainder when f is divided by ((-46)/4)/((-6)/12)?
20
Suppose 74 = 14*o - 122. Calculate the remainder when 265 is divided by o.
13
Suppose -5*x = 2 - 27. Suppose 3*q = x*z - 126, 2*z + 3*q - 63 = -0*q. What is the remainder when z is divided by 7?
6
Let t = -76 - -114. Suppose 4 = -2*x + 5*d + 32, 5*x + 3*d = 70. What is the remainder when t is divided by x?
10
Let j = 1 + 0. Suppose 0 = 4*r + 5*u + 13, -r + 4*r - 34 = 5*u. Suppose 5*x - r*z + 6 = 2*x, -5*z = 5*x - 20. What is the remainder when j is divided by x?
0
Suppose -4*d = -27 - 5. Let v be -1*(4 + -1 + -3). Suppose 8*f + 115 - 411 = v. What is the remainder when f is divided by d?
5
Calculate the remainder when 301 is divided by (-515)/(-15)*(6 + -3).
95
Suppose f + 4 = -0*f. Suppose -8 = q - 2*q. Calculate the remainder when ((-11)/3)/(f/24) is divided by q.
6
Let y(b) = -2*b**2 - b + 6. What is the remainder when 17 is divided by y(0)?
5
Let v be 4/20 + 642/15. What is the remainder when 28 is divided by (-18)/24 + v/4?
8
Suppose 32*s - 108 = -2*y + 30*s, -2*s + 54 = y. Calculate the remainder when 644 is divided by y.
50
Let a(b) be the third derivative of b**4/24 + 10*b**3/3 - 14*b**2. Calculate the remainder when 51 is divided by a(-7).
12
Suppose -21 = -2*b - 5*b. Suppose 5*z - 92 = -3*m, -5*m + b*z = z - 143. Calculate the remainder when m is divided by 10.
9
Suppose -53 = -5*x - 3*k - 19, -14 = -x - 3*k. Calculate the remainder when x is divided by 1.
0
Let m(j) = -j**3 + 3*j**2 + 5*j - 1. Let y be m(4). Suppose 5*z + y*k = -k - 168, -z - k = 34. Let g = z - -76. Calculate the remainder when g is divided by 23.
21
Suppose 5*s - 12 = 3*d + 7*s, 0 = 4*d + 4*s + 16. Let n = 13 + d. Suppose -16 = -0*o - 4*o. What is the remainder when n is divided by o?
1
Suppose -4*b = -g + 4747, 2*g - 13*b - 9450 = -16*b. Calculate the remainder when g is divided by 14.
13
Suppose 2*f + 5*j + 20 = -1, f + 3 = -j. Suppose -4*q + l = -94, q + f*q + l - 74 = 0. What is the remainder when 81 is divided by q?
9
Let p = -4 - -6. Calculate the remainder when (0 - -35) + p + -1 is divided by (-3)/((-3)/13)*1.
10
Let b(p) = -p**3 - 19*p**2 - 2*p + 59. Let t = -16 + 36. What is the remainder when b(-19) is divided by t?
17
Suppose 0 = 3*b - 13 - 5. Suppose -u + 11 = -b. Let v(f) = 2*f + 4. Calculate the remainder when u is divided by v(3).
7
Suppose 2*j - 168 = -j. Calculate the remainder when j is divided by 31.
25
Let j = 2864 - 2165. Calculate the remainder when j is divided by 25.
24
Suppose 0 = -2*a - 2*f + 40, 2